= -14 - -20. Calculate the greatest common factor of u and o.
3
Let i be 3/5 + 21/(-35). Suppose i = 3*q - 6*q - 42. Let g = q + 20. What is the greatest common divisor of g and 12?
6
Suppose -2*c = 3*c - 525. Let a = -60 + c. Calculate the greatest common factor of 15 and a.
15
Suppose -60 = -5*i + 20. Calculate the highest common factor of 80 and i.
16
Let b(c) = c + 24. Let t be b(-14). What is the greatest common divisor of t and 10?
10
Let h(z) = 8*z**2 + z + 2. Let n be h(2). Let o be (-6)/9 - (-592)/24. What is the greatest common divisor of o and n?
12
Let c(a) = -14*a - 10. Let o be c(-7). Suppose -y = -0*y - 8. Suppose -4*p + 5*p - y = 0. Calculate the greatest common factor of o and p.
8
Let m(g) = -g**3 - 5*g**2 + 3*g - 3. Let q be m(-6). Let h(z) = -z - 3. Let t be h(-5). Suppose -3 = -t*d + 7. What is the greatest common factor of d and q?
5
Let v be (-11 + -2)/(-1) - 2. Let s = 17 - v. Let r(u) = -11*u + 2. Let n be r(-2). What is the greatest common factor of n and s?
6
Let u(v) = 2*v - 4. Suppose 0*m + 32 = 4*m. Let l be u(m). Suppose -322 = -3*b + h - 2*h, 0 = -b + h + 110. What is the greatest common factor of l and b?
12
Let j be 9*(-8)/12 - -2. Let a be (j/(-1))/((-6)/(-42)). Calculate the greatest common divisor of a and 308.
28
Let k be (-1988)/(-112) + -1 + 10/8. Calculate the greatest common factor of 3 and k.
3
Suppose 0 = 4*m + 4*m - 792. Calculate the greatest common divisor of 33 and m.
33
Let o = -64 - -82. Calculate the highest common divisor of o and 324.
18
Let i be (10 - 5)*((-12)/(-10) - -1). What is the highest common factor of i and 22?
11
Let g = -7 - -5. Let p = g + 5. Suppose 0 = 3*t - 5*b - 41, -3*t = p*b - 13 + 4. Calculate the greatest common factor of t and 28.
7
Let x = 136 - 80. Let f = x - 37. Calculate the greatest common factor of f and 133.
19
Let j = 0 - 16. Let d = j - -37. Let v = 13 + -6. What is the highest common divisor of v and d?
7
Suppose x + 8 = 23. What is the highest common divisor of 10 and x?
5
Let n(d) = -2*d**3 - 7*d**2 - d - 1. Let l be n(-6). Let k = -119 + 33. Let a = k + l. What is the highest common factor of 11 and a?
11
Let l = 110 + -236. Suppose k + 0*k = 3. Let p be ((-2)/4)/(k/l). What is the highest common factor of p and 7?
7
Suppose -7*g = -2*g + 140. Suppose -5*r - s - s + 11 = 0, 0 = 2*r + 3*s. Let v be 15/r*g/(-10). What is the greatest common divisor of v and 28?
14
Let g(a) = a**3 - 7*a**2 - 15*a + 11. Let l be g(10). Calculate the greatest common divisor of 23 and l.
23
Suppose 3*a = 1 + 5, -3*n + 58 = -a. What is the highest common factor of 30 and n?
10
Let y(q) = q**2 + 5. Let j be y(0). Let l = -1 - -5. Suppose -j*t - 285 = -l*o, -2*t = o + 2*t - 87. Calculate the greatest common divisor of o and 30.
15
Let a be (0 + 1)*-1 + 1. Let q = -64 - -68. Suppose l - q*r + r = a, -16 = -4*r. Calculate the highest common factor of 132 and l.
12
Let a be 42/9*9/3. What is the highest common factor of a and 14?
14
Suppose 0 = 5*a + 2 - 22. Suppose -5*v + 3*n + 423 = a*n, v - 2*n - 89 = 0. Calculate the highest common divisor of v and 34.
17
Let a = 32 - 30. Suppose -2*y + 46 = 2. What is the greatest common factor of a and y?
2
Suppose 23 = 5*o - l - 18, 2*o = -3*l + 13. Let j(x) = x**2 + 11*x - 26. Let v be j(-14). What is the greatest common divisor of o and v?
8
Suppose 0 = -r - 3 + 6. Suppose 0 = 4*a - 4*i - 124, -r*a + 3*i - 2*i = -85. Calculate the greatest common divisor of 3 and a.
3
Suppose j - 5*j = -80. Calculate the greatest common factor of j and 8.
4
Suppose -7*i + 4*i = -315. Calculate the highest common divisor of 15 and i.
15
Let l(i) = -96*i**3 - i - 1. Let u be l(-1). Let x be 2/2 - (-10 - 1). What is the highest common divisor of u and x?
12
Suppose 5*i - 171 = 2*i. Let k = i - 41. Calculate the greatest common divisor of k and 2.
2
Suppose 2*y = -0 + 4. Let a(s) = 3*s**2 + 2*s - 2. Let r be a(y). What is the greatest common divisor of r and 2?
2
Let d(p) = p**2. Let t(z) = -38*z**2 + 1. Let v(b) = -5*d(b) - t(b). Suppose 5*r - 4*r + 1 = 0. Let k be v(r). What is the highest common factor of 8 and k?
8
Let a = -43 - -165. Let r be 36/((-2)/(-8)*-2). Let k = r + a. What is the greatest common divisor of k and 10?
10
Let q(p) = p**3 + 9*p**2 + 6*p + 7. Let i be q(-7). What is the highest common divisor of 9 and i?
9
Suppose -5*z = -3*h + 3, -6*z + 3*z + 4 = 4*h. Let u(p) = 21*p**2 - p + 1. Let i be u(h). What is the greatest common divisor of 14 and i?
7
Let v(o) = o**3 - 6*o**2 + 7. Let x be v(6). Suppose -4*m + 28 = x*s - 2*s, 3*m - 21 = 2*s. Let t = 80 + -24. Calculate the highest common divisor of m and t.
7
Let z be (3 + -1 + (-220)/30)*-3. Calculate the highest common factor of 144 and z.
16
Let f be 5 - (-1)/(3 + -4). Calculate the highest common divisor of 4 and f.
4
Suppose 4*u + u + 15 = 0, -i + 209 = -3*u. Calculate the greatest common divisor of 25 and i.
25
Let o = -401 + 407. Let c(f) = -f**3 - 3*f**2 + 3*f + 2. Let l be c(-4). Calculate the highest common divisor of l and o.
6
Suppose 3*m - 31 = 3*x + 2*x, m + 2*x - 14 = 0. What is the greatest common divisor of 144 and m?
12
Suppose j + 5 = 21. Let c = 96 - -32. What is the highest common divisor of c and j?
16
Suppose 0 = n + q + 3, 2*q - 1 = -4*n - 3. Calculate the highest common divisor of 4 and n.
2
Suppose -8*i - 54 = -11*i. Calculate the greatest common divisor of i and 72.
18
Let i = -31 + 53. What is the highest common factor of i and 2?
2
Let u be 40*((-2)/2)/(-1). Suppose 0 = k + 6 - 11. What is the greatest common factor of u and k?
5
Let x = 10 + -6. Suppose 5*l - 5*t - 115 = 0, 5*l + x*t + 0*t - 79 = 0. What is the greatest common divisor of l and 152?
19
Suppose 264 = 2*b + 84. Let a be (-1 + -1)/(1 - 0). Let h be a + (-2)/(-1)*19. Calculate the highest common factor of b and h.
18
Let v = 89 + 71. Let c = 31 - 11. Calculate the greatest common divisor of c and v.
20
Suppose -a = a + 8. Let l be (-3)/2*a/3. Suppose 0 = 3*o + l*o - 40. What is the greatest common factor of 88 and o?
8
Let d be 10/35 + 360/14. Let s(k) = 7*k**2 + 1. Let i be s(1). Let c be (-1 - 1)/(i/(-260)). Calculate the highest common divisor of c and d.
13
Suppose -4*a = a - 335. Suppose -c = 1 - a. Calculate the highest common factor of c and 6.
6
Let w be ((-48)/(-9))/4*-3. Let o be (-2)/w + (-25)/(-10). Suppose -2*p + 2*z = -24, -o*p + 2*z - 2 = -35. Calculate the greatest common divisor of p and 1.
1
Let f be (-4 - -3)/(1/(-3)). Suppose -2*x + 5*v + 443 = 0, 0 = -8*x + f*x - 2*v + 1180. Suppose -4*r + 650 = x. What is the greatest common divisor of 13 and r?
13
Let x = 3 + 7. What is the highest common divisor of 40 and x?
10
Let c(x) be the second derivative of x**4/6 - x**3/6 + x**2 - x. Let j be (-5)/(-2)*8/10. Let s be c(j). Calculate the greatest common factor of s and 12.
4
Let w be ((-6)/(-8))/((-1)/(-168)). Suppose -j - 60 = -3*j. Suppose 3*p - 24 = j. Calculate the greatest common divisor of w and p.
18
Let p be 6/4*(-32)/(-3). Calculate the greatest common divisor of p and 2.
2
Suppose -2*b + v = -133, -4*b - 300 = -9*b - 4*v. Suppose -8*t - 209 = -273. What is the highest common factor of t and b?
8
Suppose -2 = 2*w - 14. Let l = 10 + 2. Calculate the greatest common divisor of l and w.
6
Let a(i) = 2*i**2 + 8*i - 6. Let l be a(-6). Calculate the greatest common factor of 45 and l.
9
Let v = 13 - 8. What is the greatest common factor of 55 and v?
5
Let z be 1/((6/8)/(-3)) + 36. What is the highest common divisor of z and 80?
16
Let m(u) = -u**3 - u + 32. Let h(s) = s**3 - s. Let o be h(1). Let k be m(o). Calculate the greatest common divisor of k and 4.
4
Suppose 2*j + d - 3*d = 2, d + 6 = -4*j. Let b(q) = -11*q - 1. Let m be b(j). What is the highest common divisor of m and 30?
10
Suppose 4*o = -2*o + 18. Let x(w) = w**2 + 3*w + 2. Let g be x(-6). Let a be o/5 + 868/g. Calculate the highest common divisor of 11 and a.
11
Let w be 19*-2*(5 + -6). Calculate the highest common divisor of 95 and w.
19
Let t be 8/(-10)*(-5)/2. Let o be (-6 - -5)/(t/(-18)). Calculate the highest common divisor of o and 1.
1
Suppose -9*i = -14*i + 25. Let n(b) = -4*b + 2. Let l be n(5). Let a be -21*3/l*10. Calculate the greatest common factor of a and i.
5
Let f = -69 + 91. Calculate the greatest comm